2. Let s be f(4). What is the greatest common divisor of w and s?
18
Let w(i) = i**2 - 3*i + 2. Let y be w(3). Suppose y*n - 29 = 31. Let c = n + -16. Calculate the greatest common divisor of 14 and c.
14
Let m(p) = 2*p + 24. Let k be m(-9). What is the greatest common factor of 6 and k?
6
Let b(t) be the third derivative of -5*t**4/24 + 11*t**3/6 + 6*t**2. Let q be b(-5). Calculate the greatest common divisor of q and 9.
9
Let o(u) = -u**2 - 8*u - 5. Let t = -7 + 13. Suppose 4*m - t*m - 14 = 0. Let s be o(m). What is the greatest common divisor of 5 and s?
1
Suppose 0 = 4*o - o - 660. Suppose -4*t = t - o. Suppose 46*w + 20 = 51*w. What is the highest common divisor of w and t?
4
Let q(n) = 3*n**2 - 15*n - 7. Let w be q(8). Calculate the highest common divisor of 26 and w.
13
Suppose -y = 2*y - 6. Suppose y*n + 2 = 0, -2*k = -0*k + 4*n - 8. Let g(m) = m**2 - 5*m + 3. Let r be g(k). What is the highest common divisor of 9 and r?
9
Let v = 160 - 150. Calculate the greatest common divisor of 15 and v.
5
Let f = -8 - -14. Let d = 13 - f. Let m(b) = -b. Let s be m(-7). What is the highest common divisor of s and d?
7
Let g(q) = q**2 + q - 4. Let x be g(-3). Suppose 2*i - 6*i = -52. Let j = 15 - i. What is the highest common divisor of x and j?
2
Let f(g) = -3*g**2 + 1. Let w be f(-1). Let t = w - -3. Let h = -9 - -10. Calculate the greatest common factor of h and t.
1
Suppose -u + 14 = -5*x - 16, 2*x = -5*u + 69. What is the highest common divisor of 10 and u?
5
Let h = 34 + -33. What is the highest common factor of 19 and h?
1
Let c = 3 + -3. Let d be 11 + c/(-4 + 2). Calculate the greatest common factor of d and 88.
11
Suppose n = 2 + 2, 3*y + 4*n - 76 = 0. What is the greatest common divisor of 50 and y?
10
Let r = -4 + 42. What is the greatest common divisor of r and 95?
19
Suppose -4*w + 648 = -584. What is the highest common divisor of 28 and w?
28
Let x = 20 + -12. Suppose 2*v - 2*s - 28 = 0, 3*s = -s - x. What is the greatest common factor of v and 108?
12
Let p = 5 + -1. Suppose -2*n - 2*f = -f - 108, p*n - 214 = -3*f. What is the greatest common factor of 11 and n?
11
Let i(x) = 7*x - 23. Let d be i(17). Calculate the highest common factor of d and 240.
48
Let m be (-1 - 3)*(-6)/8. Calculate the greatest common factor of 33 and m.
3
Let u be (-24)/(((-6)/4)/1). Let o = u + -6. What is the greatest common divisor of o and 40?
10
Let h = 11 - -5. Suppose 8 - 2 = -5*w + 4*f, 5*f = -3*w + 26. Let g = w - 0. What is the greatest common divisor of g and h?
2
Let k(c) = c**3 - 18*c**2 + c - 16. Let g be k(18). Calculate the greatest common factor of g and 7.
1
Let j be (-3)/(-9) + 16/6. Suppose -3*y = j*s - 81, 0*s + 2 = s - 4*y. What is the greatest common divisor of 55 and s?
11
Let j = -1 + -5. Let x = j - -11. Let n be 5 + 0 + 1 + -4. What is the highest common factor of n and x?
1
Let s be -3 + 308/24 - (-3)/18. What is the greatest common divisor of s and 30?
10
Suppose -l - 2*p + 22 = 0, 0 = -2*l - 2*p - 14 + 56. What is the highest common divisor of 8 and l?
4
Suppose 0 = 2*s + 3*i + 3, -4*s + 3*i = -21. Let d be (-6)/(s/(99/(-2))). Suppose 36 = 4*o - 0*o. Calculate the highest common divisor of o and d.
9
Let n = -15 + 24. Suppose -3*l - 44 = 3*r - 2*r, 4*r + 108 = 5*l. Let y = 68 + r. Calculate the greatest common divisor of n and y.
9
Let b(l) be the second derivative of l**4/3 - l**3/3 + 3*l**2/2 - l. Let c be b(6). What is the highest common factor of c and 15?
15
Suppose 2 = -z + 65. Calculate the highest common divisor of z and 7.
7
Let r = 20 - 14. Let y = 21 + -3. What is the greatest common factor of y and r?
6
Let u(k) = -k**3 + 21*k**2 + 25*k - 33. Let v be u(22). What is the greatest common divisor of v and 11?
11
Let a(n) = n**2 + n - 7. Let v be a(-4). Calculate the greatest common factor of 45 and v.
5
Suppose 4*v = s - 66, 3 + 0 = 3*v. Let k = 56 - 28. What is the highest common factor of s and k?
14
Let x be (-4760)/(-48) - 1/6. Calculate the greatest common factor of 11 and x.
11
Let r(f) be the second derivative of f**3/2 - 5*f**2/2 + 2*f. Let h be r(7). Suppose -24 = -4*n + h. Calculate the highest common factor of n and 90.
10
Let p = 35 + -20. Let j(b) be the third derivative of -b**4/12 - 3*b**3/2 - 2*b**2. Let m be j(-6). What is the greatest common divisor of p and m?
3
Let j(v) = v + 10. Let y be j(0). Suppose r + 2*x = 106, -5*r + 3*x = -699 + 143. What is the highest common divisor of r and y?
10
Let j(b) = -2*b**3 + 3*b**2 + 7*b + 13. Let i be j(-4). What is the greatest common divisor of i and 46?
23
Let y(k) = -k - 1. Let u(p) = p + 1. Let a(l) = -3*u(l) - 5*y(l). Let g be a(4). Suppose 5*b - 105 - 95 = 0. What is the highest common divisor of g and b?
10
Let u be 12/(-4) - -3 - -357. Suppose -x - 22 = -5*p, x + 2*p = 6 + 7. Suppose x*w - 72 = u. Calculate the greatest common divisor of 13 and w.
13
Suppose 51 = 2*n + 5*y, 3*n = -2*n - 4*y + 153. Suppose 2*r - 5*r = -g - 34, -20 = -2*r - 2*g. What is the greatest common factor of r and n?
11
Suppose 0 = -4*b + 14 - 2. Suppose b*p = 4*p - 8. What is the highest common factor of 16 and p?
8
Let d be 12/(-1 - -5) - (-14 + -3). Calculate the greatest common factor of d and 30.
10
Suppose s = -3*z + 22 + 6, 5*z + 2*s = 45. What is the highest common factor of 1 and z?
1
Suppose 7*n - 10*n + 540 = 0. What is the greatest common divisor of 20 and n?
20
Let h(o) = -o**2 - 8*o + 7. Let v be h(-8). Suppose 4*m = 3*z - 47, 0 = -2*m + 9 - 1. What is the greatest common divisor of z and v?
7
Let l(k) = 7*k + 8. Let r be l(7). Let h = r + 7. Let c(s) = -s**3 - 2*s**2 + 4*s. Let q be c(-4). What is the highest common divisor of h and q?
16
Let c(q) = 28*q + 1. Let t(u) = 2*u - 1. Let a be t(2). Suppose 2*p = -a*p + 15. Let o be c(p). What is the highest common factor of o and 34?
17
Suppose l - 6 = -a - 3*l, -3 = 3*l. Let p = a - -18. What is the greatest common factor of p and 4?
4
Suppose 0 = 2*j + 1 - 9. Suppose 32 = j*h - 48. What is the greatest common divisor of 4 and h?
4
Let y(o) = -3*o + 0*o + 5 + 0*o. Let m be y(5). Let p(r) = -2*r. Let v be p(m). Calculate the greatest common factor of v and 50.
10
Let v(s) = -4*s + 1. Let k be v(4). Let o = -11 - k. Suppose 5*q + 2 = o*i - 16, 0 = 2*q - 4. Calculate the greatest common divisor of 21 and i.
7
Suppose -11 + 39 = i. Suppose i = 3*m + m. Let t(r) = 3*r**2 - 3*r - 4. Let y be t(-4). Calculate the greatest common factor of y and m.
7
Let b(s) = -27*s**2 + 6*s - 9. Let h(i) = -14*i**2 + 3*i - 5. Let f(t) = -6*b(t) + 11*h(t). Let j be f(-3). What is the highest common divisor of j and 10?
10
Suppose -2*f + 64 = -0*f. Calculate the highest common divisor of 224 and f.
32
Let v be 8/(-6)*6/(-4). Let q be 1150/69 + 4/(-6). Let x(h) = h**3 - 16*h**2 + 6. Let k be x(q). What is the greatest common factor of k and v?
2
Let n(q) = 26*q**2 - q + 1. Let f be n(1). Let g = f - 80. Let l = -33 - g. Calculate the highest common divisor of 14 and l.
7
Let k(d) = 153*d**3 + 2*d**2 - 1. Let w be k(1). What is the greatest common factor of w and 14?
14
Suppose -11 = -2*v + o, 5*v - 4*v + o - 1 = 0. Suppose 2*h - 3 = 7, v*m + 4*h = 64. Suppose -297 = -2*s - s. Calculate the greatest common factor of s and m.
11
Let w = -27 + 77. What is the highest common factor of 400 and w?
50
Suppose 3*k + 0 - 15 = 0. Let s = 347 - 297. What is the greatest common divisor of k and s?
5
Let i(p) = -1 + 3 - 10*p + 3*p**2 + 4*p. Let g be i(6). Suppose 0*b + g = 5*s - 2*b, -s + 22 = 2*b. What is the highest common factor of s and 8?
8
Let w(t) = -2*t**3 + t**2 + 5*t - 7. Let d be w(-5). Suppose -33 = 5*u - d. What is the highest common divisor of 21 and u?
21
Let p = 22 - 22. Suppose p = -4*i - g + 18, g = -3*g + 8. What is the greatest common factor of i and 2?
2
Let t = -79 - -111. Suppose t = -4*o + 3*k + 119, 0 = -4*o - 5*k + 47. Calculate the greatest common factor of 45 and o.
9
Let a be (-1 + 22)/((-2)/(-2)). Let c(u) = -2*u**2 + 18*u + 7. Let d be c(9). What is the greatest common factor of d and a?
7
Let k(a) = 1. Let o(v) = -2*v - 8. Let l(m) = -4*k(m) - 2*o(m). Let z be l(5). What is the greatest common divisor of z and 16?
16
Let l be (-2 + (-230)/4)*-2. Calculate the highest common divisor of 17 and l.
17
Suppose -5*v - 4*t = -1080,